{"id":506,"date":"2021-01-05T16:03:12","date_gmt":"2021-01-05T15:03:12","guid":{"rendered":"https:\/\/www.vbt.eu\/leden\/"},"modified":"2025-12-10T14:32:21","modified_gmt":"2025-12-10T13:32:21","slug":"membres","status":"publish","type":"page","link":"https:\/\/www.vbt.eu\/fr\/membres\/","title":{"rendered":"Membres"},"content":{"rendered":"<p>[et_pb_section fb_built=\u00a0\u00bb1&Prime; fullwidth=\u00a0\u00bbon\u00a0\u00bb _builder_version=\u00a0\u00bb4.16&Prime; _module_preset=\u00a0\u00bbdefault\u00a0\u00bb background_image=\u00a0\u00bbhttps:\/\/www.vbt.eu\/wp-content\/uploads\/2021\/02\/vbt-header-inside-001.jpg\u00a0\u00bb animation_style=\u00a0\u00bbslide\u00a0\u00bb animation_direction=\u00a0\u00bbtop\u00a0\u00bb animation_intensity_slide=\u00a0\u00bb2%\u00a0\u00bb animation_starting_opacity=\u00a0\u00bb100%\u00a0\u00bb global_colors_info=\u00a0\u00bb{}\u00a0\u00bb][et_pb_fullwidth_header title=\u00a0\u00bbMembres\u00a0\u00bb module_class=\u00a0\u00bbheader-inside-pages\u00a0\u00bb _builder_version=\u00a0\u00bb4.16&Prime; _module_preset=\u00a0\u00bbdefault\u00a0\u00bb background_enable_color=\u00a0\u00bboff\u00a0\u00bb use_background_color_gradient=\u00a0\u00bbon\u00a0\u00bb background_color_gradient_direction=\u00a0\u00bb90deg\u00a0\u00bb background_color_gradient_stops=\u00a0\u00bbrgba(0,0,0,0.5) 0%|rgba(0,0,0,0) 100%\u00a0\u00bb background_color_gradient_overlays_image=\u00a0\u00bbon\u00a0\u00bb background_color_gradient_start=\u00a0\u00bbrgba(0,0,0,0.5)\u00a0\u00bb background_color_gradient_end=\u00a0\u00bbrgba(0,0,0,0)\u00a0\u00bb custom_padding=\u00a0\u00bb||||false|false\u00a0\u00bb global_colors_info=\u00a0\u00bb{}\u00a0\u00bb][\/et_pb_fullwidth_header][\/et_pb_section][et_pb_section fb_built=\u00a0\u00bb1&Prime; admin_label=\u00a0\u00bbMarket Information Section\u00a0\u00bb _builder_version=\u00a0\u00bb4.16&Prime; custom_padding=\u00a0\u00bb70px||70px|\u00a0\u00bb global_colors_info=\u00a0\u00bb{}\u00a0\u00bb][et_pb_row column_structure=\u00a0\u00bb1_4,3_4&Prime; use_custom_gutter=\u00a0\u00bbon\u00a0\u00bb make_equal=\u00a0\u00bbon\u00a0\u00bb admin_label=\u00a0\u00bbMarket Information Title Area\u00a0\u00bb _builder_version=\u00a0\u00bb4.16&Prime; custom_padding=\u00a0\u00bb35px||35px||true|false\u00a0\u00bb border_width_bottom=\u00a0\u00bb1px\u00a0\u00bb border_color_bottom=\u00a0\u00bb#a3be2a\u00a0\u00bb global_colors_info=\u00a0\u00bb{}\u00a0\u00bb][et_pb_column type=\u00a0\u00bb1_4&Prime; _builder_version=\u00a0\u00bb4.16&Prime; custom_padding=\u00a0\u00bb|||\u00a0\u00bb global_colors_info=\u00a0\u00bb{}\u00a0\u00bb custom_padding__hover=\u00a0\u00bb|||\u00a0\u00bb][et_pb_image src=\u00a0\u00bbhttps:\/\/www.vbt.eu\/wp-content\/uploads\/2021\/01\/logo-belorta.png\u00a0\u00bb title_text=\u00a0\u00bblogo-belorta\u00a0\u00bb _builder_version=\u00a0\u00bb4.16&Prime; _module_preset=\u00a0\u00bbdefault\u00a0\u00bb global_colors_info=\u00a0\u00bb{}\u00a0\u00bb][\/et_pb_image][\/et_pb_column][et_pb_column type=\u00a0\u00bb3_4&Prime; _builder_version=\u00a0\u00bb4.16&Prime; custom_padding=\u00a0\u00bb|||\u00a0\u00bb global_colors_info=\u00a0\u00bb{}\u00a0\u00bb custom_padding__hover=\u00a0\u00bb|||\u00a0\u00bb][et_pb_text _builder_version=\u00a0\u00bb4.27.4&Prime; _module_preset=\u00a0\u00bbdefault\u00a0\u00bb header_3_text_color=\u00a0\u00bb#4a8916&Prime; global_colors_info=\u00a0\u00bb{}\u00a0\u00bb]<\/p>\n<h3>BelOrta<\/h3>\n<p>Pr\u00e9sident, M. Smets &#8211; Directeur, P. Appeltans<br \/>Mechelsesteenweg 120, B &#8211; 2860 SINT-KATELIJNE-WAVER<\/p>\n<p>T\u00e9l: +32 15 55 11 11 | E-mail: <a href=\"mailto:info@belorta.be\">info@belorta.be<\/a>\u00a0|\u00a0<a href=\"https:\/\/www.belorta.be\/\" target=\"_blank\" rel=\"noopener noreferrer\">www.belorta.be<\/a><\/p>\n<p>[\/et_pb_text][\/et_pb_column][\/et_pb_row][et_pb_row column_structure=\u00a0\u00bb1_4,3_4&Prime; use_custom_gutter=\u00a0\u00bbon\u00a0\u00bb make_equal=\u00a0\u00bbon\u00a0\u00bb admin_label=\u00a0\u00bbMarket Information Title Area\u00a0\u00bb _builder_version=\u00a0\u00bb4.16&Prime; custom_padding=\u00a0\u00bb35px||35px||true|false\u00a0\u00bb border_width_bottom=\u00a0\u00bb1px\u00a0\u00bb border_color_bottom=\u00a0\u00bb#a3be2a\u00a0\u00bb global_colors_info=\u00a0\u00bb{}\u00a0\u00bb][et_pb_column type=\u00a0\u00bb1_4&Prime; _builder_version=\u00a0\u00bb4.16&Prime; custom_padding=\u00a0\u00bb|||\u00a0\u00bb global_colors_info=\u00a0\u00bb{}\u00a0\u00bb custom_padding__hover=\u00a0\u00bb|||\u00a0\u00bb][et_pb_image src=\u00a0\u00bbhttps:\/\/www.vbt.eu\/wp-content\/uploads\/2021\/01\/hoogstraetn-logo.png\u00a0\u00bb alt=\u00a0\u00bbLogo Hoogstraten\u00a0\u00bb title_text=\u00a0\u00bbhoogstraetn-logo\u00a0\u00bb _builder_version=\u00a0\u00bb4.16&Prime; _module_preset=\u00a0\u00bbdefault\u00a0\u00bb global_colors_info=\u00a0\u00bb{}\u00a0\u00bb][\/et_pb_image][\/et_pb_column][et_pb_column type=\u00a0\u00bb3_4&Prime; _builder_version=\u00a0\u00bb4.16&Prime; custom_padding=\u00a0\u00bb|||\u00a0\u00bb global_colors_info=\u00a0\u00bb{}\u00a0\u00bb custom_padding__hover=\u00a0\u00bb|||\u00a0\u00bb][et_pb_text _builder_version=\u00a0\u00bb4.16&Prime; _module_preset=\u00a0\u00bbdefault\u00a0\u00bb header_3_text_color=\u00a0\u00bb#4a8916&Prime; global_colors_info=\u00a0\u00bb{}\u00a0\u00bb]<\/p>\n<h3>Co\u00f6peratie Hoogstraten<\/h3>\n<p>Pr\u00e9sident, D. Van den Plas &#8211; Directeur, H. Vanderhallen<br \/>Loenhoutseweg 59, B &#8211; 2320 HOOGSTRATEN<\/p>\n<p>T\u00e9l: +32 3 340 02 11 | E-mail: <a href=\"mailto:info@hoogstraten.eu\" target=\"_blank\" rel=\"noopener noreferrer\">info@hoogstraten.eu<\/a> | <a href=\"https:\/\/www.hoogstraten.eu\/\" target=\"_blank\" rel=\"noopener noreferrer\">www.hoogstraten.eu<\/a><\/p>\n<p>[\/et_pb_text][\/et_pb_column][\/et_pb_row][et_pb_row column_structure=\u00a0\u00bb1_4,3_4&Prime; use_custom_gutter=\u00a0\u00bbon\u00a0\u00bb make_equal=\u00a0\u00bbon\u00a0\u00bb admin_label=\u00a0\u00bbMarket Information Title Area\u00a0\u00bb _builder_version=\u00a0\u00bb4.16&Prime; custom_padding=\u00a0\u00bb35px||35px||true|false\u00a0\u00bb border_width_bottom=\u00a0\u00bb1px\u00a0\u00bb border_color_bottom=\u00a0\u00bb#a3be2a\u00a0\u00bb global_colors_info=\u00a0\u00bb{}\u00a0\u00bb][et_pb_column type=\u00a0\u00bb1_4&Prime; _builder_version=\u00a0\u00bb4.16&Prime; custom_padding=\u00a0\u00bb|||\u00a0\u00bb global_colors_info=\u00a0\u00bb{}\u00a0\u00bb custom_padding__hover=\u00a0\u00bb|||\u00a0\u00bb][et_pb_image src=\u00a0\u00bbhttps:\/\/www.vbt.eu\/wp-content\/uploads\/2021\/01\/logo-ingro.png\u00a0\u00bb alt=\u00a0\u00bbLogo Cri\u00e9e de W\u00e9pion\u00a0\u00bb title_text=\u00a0\u00bblogo-ingro\u00a0\u00bb _builder_version=\u00a0\u00bb4.16&Prime; _module_preset=\u00a0\u00bbdefault\u00a0\u00bb global_colors_info=\u00a0\u00bb{}\u00a0\u00bb][\/et_pb_image][\/et_pb_column][et_pb_column type=\u00a0\u00bb3_4&Prime; _builder_version=\u00a0\u00bb4.16&Prime; custom_padding=\u00a0\u00bb|||\u00a0\u00bb global_colors_info=\u00a0\u00bb{}\u00a0\u00bb custom_padding__hover=\u00a0\u00bb|||\u00a0\u00bb][et_pb_text _builder_version=\u00a0\u00bb4.16&Prime; _module_preset=\u00a0\u00bbdefault\u00a0\u00bb header_3_text_color=\u00a0\u00bb#4a8916&Prime; global_colors_info=\u00a0\u00bb{}\u00a0\u00bb]<\/p>\n<h3>Ingro<\/h3>\n<p>Pr\u00e9sident, J. Vanneste &#8211; Directeur, H. Dhuyvetter<br \/>Diksmuidsesteenweg 329B, B &#8211; 8800 ROESELARE<\/p>\n<p>T\u00e9l: +32 51 26 01 10 | E-mail: <a href=\"mailto:info@ingrocvba.be\">info@ingrocvba.be<\/a>\u00a0| <a href=\"http:\/\/www.ingrocvba.be\/\" target=\"_blank\" rel=\"noopener noreferrer\">www.ingrocvba.be<\/a><\/p>\n<p>[\/et_pb_text][\/et_pb_column][\/et_pb_row][et_pb_row column_structure=\u00a0\u00bb1_4,3_4&Prime; use_custom_gutter=\u00a0\u00bbon\u00a0\u00bb make_equal=\u00a0\u00bbon\u00a0\u00bb admin_label=\u00a0\u00bbMarket Information Title Area\u00a0\u00bb _builder_version=\u00a0\u00bb4.16&Prime; custom_padding=\u00a0\u00bb35px||35px||true|false\u00a0\u00bb border_color_bottom=\u00a0\u00bb#a3be2a\u00a0\u00bb global_colors_info=\u00a0\u00bb{}\u00a0\u00bb][et_pb_column type=\u00a0\u00bb1_4&Prime; _builder_version=\u00a0\u00bb4.16&Prime; custom_padding=\u00a0\u00bb|||\u00a0\u00bb global_colors_info=\u00a0\u00bb{}\u00a0\u00bb custom_padding__hover=\u00a0\u00bb|||\u00a0\u00bb][et_pb_image src=\u00a0\u00bbhttps:\/\/www.vbt.eu\/wp-content\/uploads\/2025\/06\/reo.jpg\u00a0\u00bb alt=\u00a0\u00bbREO\u00a0\u00bb title_text=\u00a0\u00bbreo\u00a0\u00bb _builder_version=\u00a0\u00bb4.27.4&Prime; _module_preset=\u00a0\u00bbdefault\u00a0\u00bb global_colors_info=\u00a0\u00bb{}\u00a0\u00bb][\/et_pb_image][\/et_pb_column][et_pb_column type=\u00a0\u00bb3_4&Prime; _builder_version=\u00a0\u00bb4.16&Prime; custom_padding=\u00a0\u00bb|||\u00a0\u00bb global_colors_info=\u00a0\u00bb{}\u00a0\u00bb custom_padding__hover=\u00a0\u00bb|||\u00a0\u00bb][et_pb_text _builder_version=\u00a0\u00bb4.27.4&Prime; _module_preset=\u00a0\u00bbdefault\u00a0\u00bb header_3_text_color=\u00a0\u00bb#4a8916&Prime; global_colors_info=\u00a0\u00bb{}\u00a0\u00bb]<\/p>\n<h3>REO Veiling<\/h3>\n<p>Pr\u00e9sident, D. Declercq &#8211; Directeur, F. Vanaken<br \/>Oostnieuwkerksesteenweg 101, B &#8211; 8800 ROESELARE<br \/>T\u00e9l: +32 51 23 12 11 | E-mail: <a href=\"mailto:info@reo.be\">info@reo.be<\/a>\u00a0| <a href=\"https:\/\/www.reo.be\/\" target=\"_blank\" rel=\"noopener noreferrer\">www.reo.be<\/a><\/p>\n<p>[\/et_pb_text][\/et_pb_column][\/et_pb_row][\/et_pb_section]<\/p>\n","protected":false},"excerpt":{"rendered":"<p>BelOrta Pr\u00e9sident, M. Smets &#8211; Directeur, P. AppeltansMechelsesteenweg 120, B &#8211; 2860 SINT-KATELIJNE-WAVER T\u00e9l: +32 15 55 11 11 | E-mail: info@belorta.be\u00a0|\u00a0www.belorta.beCo\u00f6peratie Hoogstraten Pr\u00e9sident, D. Van den Plas &#8211; Directeur, H. VanderhallenLoenhoutseweg 59, B &#8211; 2320 HOOGSTRATEN T\u00e9l: +32 3 340 02 11 | E-mail: info@hoogstraten.eu | www.hoogstraten.euIngro Pr\u00e9sident, J. Vanneste &#8211; Directeur, H. DhuyvetterDiksmuidsesteenweg [&hellip;]<\/p>\n","protected":false},"author":1,"featured_media":0,"parent":0,"menu_order":0,"comment_status":"closed","ping_status":"closed","template":"","meta":{"_et_pb_use_builder":"on","_et_pb_old_content":"","_et_gb_content_width":"","footnotes":""},"class_list":["post-506","page","type-page","status-publish","hentry"],"_links":{"self":[{"href":"https:\/\/www.vbt.eu\/fr\/wp-json\/wp\/v2\/pages\/506","targetHints":{"allow":["GET"]}}],"collection":[{"href":"https:\/\/www.vbt.eu\/fr\/wp-json\/wp\/v2\/pages"}],"about":[{"href":"https:\/\/www.vbt.eu\/fr\/wp-json\/wp\/v2\/types\/page"}],"author":[{"embeddable":true,"href":"https:\/\/www.vbt.eu\/fr\/wp-json\/wp\/v2\/users\/1"}],"replies":[{"embeddable":true,"href":"https:\/\/www.vbt.eu\/fr\/wp-json\/wp\/v2\/comments?post=506"}],"version-history":[{"count":13,"href":"https:\/\/www.vbt.eu\/fr\/wp-json\/wp\/v2\/pages\/506\/revisions"}],"predecessor-version":[{"id":823,"href":"https:\/\/www.vbt.eu\/fr\/wp-json\/wp\/v2\/pages\/506\/revisions\/823"}],"wp:attachment":[{"href":"https:\/\/www.vbt.eu\/fr\/wp-json\/wp\/v2\/media?parent=506"}],"curies":[{"name":"wp","href":"https:\/\/api.w.org\/{rel}","templated":true}]}}

<p>[et_pb_section fb_built= »1&Prime; fullwidth= »on » _builder_version= »4.16&Prime; _module_preset= »default » background_image= »https://www.vbt.eu/wp-content/uploads/2021/02/vbt-header-inside-001.jpg » animation_style= »slide » animation_direction= »top » animation_intensity_slide= »2% » animation_starting_opacity= »100% » global_colors_info= »{} »][et_pb_fullwidth_header title= »Membres » module_class= »header-inside-pages » _builder_version= »4.16&Prime; _module_preset= »default » background_enable_color= »off » use_background_color_gradient= »on » background_color_gradient_direction= »90deg » background_color_gradient_stops= »rgba(0,0,0,0.5) 0%|rgba(0,0,0,0) 100% » background_color_gradient_overlays_image= »on » background_color_gradient_start= »rgba(0,0,0,0.5) » background_color_gradient_end= »rgba(0,0,0,0) » custom_padding= »||||false|false » global_colors_info= »{} »][/et_pb_fullwidth_header][/et_pb_section][et_pb_section fb_built= »1&Prime; admin_label= »Market Information Section » _builder_version= »4.16&Prime; custom_padding= »70px||70px| » global_colors_info= »{} »][et_pb_row column_structure= »1_4,3_4&Prime; use_custom_gutter= »on » make_equal= »on » admin_label= »Market Information Title Area » _builder_version= »4.16&Prime; custom_padding= »35px||35px||true|false » border_width_bottom= »1px » border_color_bottom= »#a3be2a » global_colors_info= »{} »][et_pb_column type= »1_4&Prime; _builder_version= »4.16&Prime; custom_padding= »||| » global_colors_info= »{} » custom_padding__hover= »||| »][et_pb_image src= »https://www.vbt.eu/wp-content/uploads/2021/01/logo-belorta.png » title_text= »logo-belorta » _builder_version= »4.16&Prime; _module_preset= »default » global_colors_info= »{} »][/et_pb_image][/et_pb_column][et_pb_column type= »3_4&Prime; _builder_version= »4.16&Prime; custom_padding= »||| » global_colors_info= »{} » custom_padding__hover= »||| »][et_pb_text _builder_version= »4.27.4&Prime; _module_preset= »default » header_3_text_color= »#4a8916&Prime; global_colors_info= »{} »]</p>
<h3>BelOrta</h3>
<p>Président, M. Smets &#8211; Directeur, P. Appeltans<br />Mechelsesteenweg 120, B &#8211; 2860 SINT-KATELIJNE-WAVER</p>
<p>Tél: +32 15 55 11 11 | E-mail: <a href="mailto:info@belorta.be">info@belorta.be</a> | <a href="https://www.belorta.be/" target="_blank" rel="noopener noreferrer">www.belorta.be</a></p>
<p>[/et_pb_text][/et_pb_column][/et_pb_row][et_pb_row column_structure= »1_4,3_4&Prime; use_custom_gutter= »on » make_equal= »on » admin_label= »Market Information Title Area » _builder_version= »4.16&Prime; custom_padding= »35px||35px||true|false » border_width_bottom= »1px » border_color_bottom= »#a3be2a » global_colors_info= »{} »][et_pb_column type= »1_4&Prime; _builder_version= »4.16&Prime; custom_padding= »||| » global_colors_info= »{} » custom_padding__hover= »||| »][et_pb_image src= »https://www.vbt.eu/wp-content/uploads/2021/01/hoogstraetn-logo.png » alt= »Logo Hoogstraten » title_text= »hoogstraetn-logo » _builder_version= »4.16&Prime; _module_preset= »default » global_colors_info= »{} »][/et_pb_image][/et_pb_column][et_pb_column type= »3_4&Prime; _builder_version= »4.16&Prime; custom_padding= »||| » global_colors_info= »{} » custom_padding__hover= »||| »][et_pb_text _builder_version= »4.16&Prime; _module_preset= »default » header_3_text_color= »#4a8916&Prime; global_colors_info= »{} »]</p>
<h3>Coöperatie Hoogstraten</h3>
<p>Président, D. Van den Plas &#8211; Directeur, H. Vanderhallen<br />Loenhoutseweg 59, B &#8211; 2320 HOOGSTRATEN</p>
<p>Tél: +32 3 340 02 11 | E-mail: <a href="mailto:info@hoogstraten.eu" target="_blank" rel="noopener noreferrer">info@hoogstraten.eu</a> | <a href="https://www.hoogstraten.eu/" target="_blank" rel="noopener noreferrer">www.hoogstraten.eu</a></p>
<p>[/et_pb_text][/et_pb_column][/et_pb_row][et_pb_row column_structure= »1_4,3_4&Prime; use_custom_gutter= »on » make_equal= »on » admin_label= »Market Information Title Area » _builder_version= »4.16&Prime; custom_padding= »35px||35px||true|false » border_width_bottom= »1px » border_color_bottom= »#a3be2a » global_colors_info= »{} »][et_pb_column type= »1_4&Prime; _builder_version= »4.16&Prime; custom_padding= »||| » global_colors_info= »{} » custom_padding__hover= »||| »][et_pb_image src= »https://www.vbt.eu/wp-content/uploads/2021/01/logo-ingro.png » alt= »Logo Criée de Wépion » title_text= »logo-ingro » _builder_version= »4.16&Prime; _module_preset= »default » global_colors_info= »{} »][/et_pb_image][/et_pb_column][et_pb_column type= »3_4&Prime; _builder_version= »4.16&Prime; custom_padding= »||| » global_colors_info= »{} » custom_padding__hover= »||| »][et_pb_text _builder_version= »4.16&Prime; _module_preset= »default » header_3_text_color= »#4a8916&Prime; global_colors_info= »{} »]</p>
<h3>Ingro</h3>
<p>Président, J. Vanneste &#8211; Directeur, H. Dhuyvetter<br />Diksmuidsesteenweg 329B, B &#8211; 8800 ROESELARE</p>
<p>Tél: +32 51 26 01 10 | E-mail: <a href="mailto:info@ingrocvba.be">info@ingrocvba.be</a> | <a href="http://www.ingrocvba.be/" target="_blank" rel="noopener noreferrer">www.ingrocvba.be</a></p>
<p>[/et_pb_text][/et_pb_column][/et_pb_row][et_pb_row column_structure= »1_4,3_4&Prime; use_custom_gutter= »on » make_equal= »on » admin_label= »Market Information Title Area » _builder_version= »4.16&Prime; custom_padding= »35px||35px||true|false » border_color_bottom= »#a3be2a » global_colors_info= »{} »][et_pb_column type= »1_4&Prime; _builder_version= »4.16&Prime; custom_padding= »||| » global_colors_info= »{} » custom_padding__hover= »||| »][et_pb_image src= »https://www.vbt.eu/wp-content/uploads/2025/06/reo.jpg » alt= »REO » title_text= »reo » _builder_version= »4.27.4&Prime; _module_preset= »default » global_colors_info= »{} »][/et_pb_image][/et_pb_column][et_pb_column type= »3_4&Prime; _builder_version= »4.16&Prime; custom_padding= »||| » global_colors_info= »{} » custom_padding__hover= »||| »][et_pb_text _builder_version= »4.27.4&Prime; _module_preset= »default » header_3_text_color= »#4a8916&Prime; global_colors_info= »{} »]</p>
<h3>REO Veiling</h3>
<p>Président, D. Declercq &#8211; Directeur, F. Vanaken<br />Oostnieuwkerksesteenweg 101, B &#8211; 8800 ROESELARE<br />Tél: +32 51 23 12 11 | E-mail: <a href="mailto:info@reo.be">info@reo.be</a> | <a href="https://www.reo.be/" target="_blank" rel="noopener noreferrer">www.reo.be</a></p>
<p>[/et_pb_text][/et_pb_column][/et_pb_row][/et_pb_section]</p>

<p>BelOrta Président, M. Smets &#8211; Directeur, P. AppeltansMechelsesteenweg 120, B &#8211; 2860 SINT-KATELIJNE-WAVER Tél: +32 15 55 11 11 | E-mail: info@belorta.be | www.belorta.beCoöperatie Hoogstraten Président, D. Van den Plas &#8211; Directeur, H. VanderhallenLoenhoutseweg 59, B &#8211; 2320 HOOGSTRATEN Tél: +32 3 340 02 11 | E-mail: info@hoogstraten.eu | www.hoogstraten.euIngro Président, J. Vanneste &#8211; Directeur, H. DhuyvetterDiksmuidsesteenweg [&hellip;]</p>
